, 37, 79, 211
List the prime factors of 917878.
2, 13, 43, 821
What are the prime factors of 312792?
2, 3, 13033
What are the prime factors of 962432?
2, 73, 103
List the prime factors of 51813.
3, 19, 101
List the prime factors of 9957147.
3, 97, 34217
What are the prime factors of 25624?
2, 3203
What are the prime factors of 571535?
5, 151, 757
List the prime factors of 655051.
661, 991
What are the prime factors of 129510?
2, 3, 5, 1439
List the prime factors of 1202838.
2, 3, 7, 13, 2203
List the prime factors of 236107.
236107
List the prime factors of 588751.
397, 1483
What are the prime factors of 148028?
2, 23, 1609
List the prime factors of 197453.
197453
List the prime factors of 689.
13, 53
List the prime factors of 1312740.
2, 3, 5, 11, 13, 17
What are the prime factors of 3673704?
2, 3, 153071
List the prime factors of 277939.
41, 6779
What are the prime factors of 256014?
2, 3, 11, 431
What are the prime factors of 10091450?
2, 5, 201829
List the prime factors of 271595.
5, 54319
What are the prime factors of 399616?
2, 7, 223
List the prime factors of 51956.
2, 31, 419
List the prime factors of 132507.
3, 14723
What are the prime factors of 817232?
2, 13, 3929
List the prime factors of 343807.
89, 3863
List the prime factors of 207255.
3, 5, 41, 337
What are the prime factors of 885785?
5, 17, 613
What are the prime factors of 3338356?
2, 7, 119227
List the prime factors of 1675099.
137, 12227
What are the prime factors of 23725151?
829, 28619
List the prime factors of 1120851.
3, 41513
List the prime factors of 86031.
3, 11, 79
List the prime factors of 3999.
3, 31, 43
List the prime factors of 1512661.
1512661
List the prime factors of 7046724.
2, 3, 37, 59, 269
What are the prime factors of 2729225?
5, 109169
List the prime factors of 111480.
2, 3, 5, 929
List the prime factors of 1685895.
3, 5, 71, 1583
What are the prime factors of 2609261?
2609261
List the prime factors of 243148.
2, 89, 683
List the prime factors of 72372.
2, 3, 37, 163
What are the prime factors of 3150097?
3150097
List the prime factors of 1928385.
3, 5, 42853
What are the prime factors of 850828?
2, 11, 61, 317
List the prime factors of 8365347.
3, 929483
What are the prime factors of 1166671?
11, 67, 1583
What are the prime factors of 648473?
7, 92639
What are the prime factors of 16671426?
2, 3, 709, 3919
List the prime factors of 235829.
11, 1949
What are the prime factors of 273387?
3, 91129
List the prime factors of 529626.
2, 3, 103, 857
What are the prime factors of 84326?
2, 11, 3833
List the prime factors of 232193.
13, 53, 337
What are the prime factors of 1125150?
2, 3, 5, 13, 577
List the prime factors of 1099723.
1099723
List the prime factors of 372500.
2, 5, 149
What are the prime factors of 93611?
7, 43, 311
What are the prime factors of 4216874?
2, 2108437
List the prime factors of 180284.
2, 13, 3467
What are the prime factors of 5631992?
2, 37, 53, 359
List the prime factors of 29174998.
2, 83, 175753
What are the prime factors of 113145?
3, 5, 19, 397
List the prime factors of 22016758.
2, 31, 355109
What are the prime factors of 148799?
7, 29, 733
List the prime factors of 1033742.
2, 516871
What are the prime factors of 3358795?
5, 11, 173, 353
List the prime factors of 20245637.
20245637
What are the prime factors of 1882796?
2, 29, 16231
List the prime factors of 288531.
3, 32059
What are the prime factors of 2266798?
2, 983, 1153
What are the prime factors of 55210?
2, 5, 5521
List the prime factors of 5162936.
2, 645367
List the prime factors of 16047956.
2, 31, 129419
What are the prime factors of 600984?
2, 3, 17, 491
List the prime factors of 623841.
3, 207947
What are the prime factors of 2706472?
2, 338309
List the prime factors of 16832789.
29, 263, 2207
What are the prime factors of 15559173?
3, 7, 246971
What are the prime factors of 173818?
2, 233, 373
What are the prime factors of 416936?
2, 13, 19, 211
What are the prime factors of 19043000?
2, 5, 137, 139
What are the prime factors of 1396211?
1396211
What are the prime factors of 2996117?
2996117
List the prime factors of 1272546.
2, 3, 11, 6427
What are the prime factors of 7266896?
2, 7, 13, 23, 31
What are the prime factors of 223017?
3, 79, 941
What are the prime factors of 1004926?
2, 13, 38651
List the prime factors of 12167298.
2, 3, 11, 13, 29, 163
What are the prime factors of 80494?
2, 167, 241
List the prime factors of 82872.
2, 3, 1151
List the prime factors of 2245523.
7, 45827
What are the prime factors of 16038676?
2, 4009669
List the prime factors of 353938.
2, 13, 13613
List the prime factors of 32535717.
3, 10845239
List the prime factors of 2045144.
2, 151, 1693
What are the prime factors of 10362284?
2, 251, 10321
List the prime factors of 191617.
89, 2153
List the prime factors of 5682729.
3, 13, 19, 7669
List the prime factors of 1506285.
3, 5, 11, 17, 179
List the prime factors of 6237507.
3, 2079169
List the prime factors of 2277982.
2, 7, 162713
List the prime factors of 296148.
2, 3, 23, 29, 37
What are the prime factors of 6053797?
6053797
List the prime factors of 97379.
97379
What are the prime factors of 13791172?
2, 541, 6373
What are the prime factors of 2536677?
3, 11, 13, 73
What are the prime factors of 6000573?
3, 239, 8369
What are the prime factors of 8741028?
2, 3, 37, 19687
List the prime factors of 866264.
2, 7, 31, 499
What are the prime factors of 237232?
2, 14827
What are the prime factors of 3106811?
571, 5441
What are the prime factors of 651318?
2, 3, 108553
What are the prime factors of 157617?
3, 83, 211
What are the prime factors of 130337?
130337
List the prime factors of 603291.
3, 13, 31, 499
List the prime factors of 1480925.
5, 37, 1601
List the prime factors of 1396860.
2, 3, 5, 31, 751
What are the prime factors of 9037693?
7, 17, 173, 439
List the prime factors of 13744588.
2, 11, 13, 24029
What are the prime factors of 841980?
2, 3, 5, 14033
What are the prime factors of 1465209?
3, 18089
List the prime factors of 6171355.
5, 1234271
List the prime factors of 209695.
5, 17, 2467
What are the prime factors of 962117?
13, 5693
List the prime factors of 645239.
7, 92177
List the prime factors of 3987554.
2, 17, 117281
What are the prime factors of 3375423?
3, 113, 3319
List the prime factors of 493621.
493621
List the prime factors of 188484.
2, 3, 113, 139
What are the prime factors of 10583122?
2, 11, 481051
What are the prime factors of 778949?
587, 1327
What are the prime factors of 10590800?
2, 5, 11, 29, 83
List the prime factors of 199464.
2, 3, 8311
List the prime factors of 15747193.
7, 11, 204509
What are the prime factors of 14676288?
2, 3, 11, 6949
What are the prime factors of 4747072?
2, 11, 613
What are the prime factors of 1827585?
3, 5, 17, 2389
What are the prime factors of 555408?
2, 3, 7, 19, 29
What are the prime factors of 1887488?
2, 73, 101
What are the prime factors of 6504945?
3, 5, 433663
List the prime factors of 5206707.
3, 11, 47, 373
List the prime factors of 175906.
2, 281, 313
What are the prime factors of 198103?
397, 499
What are the prime factors of 8975319?
3, 2991773
What are the prime factors of 216468?
2, 3, 7, 859
What are the prime factors of 8364486?
2, 3, 13, 73, 113
What are the prime factors of 3703991?
149, 24859
What are the prime factors of 96566?
2, 53, 911
What are the prime factors of 19404714?
2, 3, 7, 73, 6329
List the prime factors of 240922.
2, 11, 47, 233
What are the prime factors of 4422536?
2, 37, 67, 223
List the prime factors of 791374.
2, 395687
List the prime factors of 55339.
55339
What are the prime factors of 19312085?
5, 13, 17, 17477
What are the prime factors of 189246?
2, 3, 31541
List the prime factors of 477031.
477031
List the prime factors of 115664.
2, 7229
List the prime factors of 26058453.
3, 199, 43649
List the prime factors of 1161969.
3, 409, 947
List the prime factors of 3219034.
2, 7, 13, 23, 769
List the prime factors of 486412.
2, 277, 439
What are the prime factors of 442746?
2, 3, 911
List the prime factors of 139370.
2, 5, 7, 11, 181
List the prime factors of 150514.
2, 7, 13, 827
What are the prime factors of 1428120?
2, 3, 5, 3967
List the prime factors of 93960.
2, 3, 5, 29
List the prime factors of 11719.
11719
L